
119444
What is -122221011120 (base 3) in base 13?
-c4869
10202121120121 (base 3) to base 7
23000050
-a217bc (base 14) to base 15
-72c8be
10110111111110001111 (base 2) to base 11
475177
-21118 (base 10) to base 5
-1133433
Convert -4115544 (base 6) to base 10.
-196984
Convert 220032 (base 8) to base 9.
122148
332434014 (base 6) to base 8
26726032
What is 369326 (base 10) in base 3?
200202121202
b050b (base 15) to base 2
10001000001110111011
Convert 12333012120 (base 4) to base 13.
4c172a
Convert -520304 (base 7) to base 13.
-31673
What is 5645616 (base 9) in base 12?
1028429
What is -16453 (base 10) in base 14?
-5dd3
1862a28 (base 13) to base 7
124532446
b88ab (base 15) to base 16
8f06c
What is -2145504 (base 6) in base 16?
-1a410
-421034211 (base 5) to base 13
-48a6c6
-35323244 (base 6) to base 4
-10030133230
Convert -32970 (base 13) to base 3.
-11122202220
-13a862 (base 16) to base 5
-312211130
302034101 (base 5) to base 8
4462426
Convert 62115536 (base 7) to base 2.
10011110100111110110111
Convert 11200201120110 (base 3) to base 6.
125243450
What is 1000001100110010010110 (base 2) in base 7?
24161561
Convert -4462125 (base 10) to base 9.
-8350786
What is -3553501 (base 6) in base 11?
-117954
-540408 (base 12) to base 7
-14166545
-3117b (base 15) to base 4
-211333013
Convert 222220121032 (base 4) to base 10.
11175502
1112212010 (base 3) to base 2
111011100110001
What is -35262374 (base 8) in base 14?
-1043ac4
Convert -13492 (base 13) to base 7.
-206542
4ec88 (base 15) to base 12
102202
What is 46a122 (base 16) in base 15?
61674a
354217 (base 12) to base 2
11010001010100110011
What is -101100011001001 (base 2) in base 7?
-123160
What is 2700405 (base 8) in base 2?
10111000000100000101
Convert b0232d (base 14) to base 10.
5922181
1fdb12 (base 16) to base 3
10221001210011
What is -269836 (base 15) in base 7?
-21523236
What is -520280 (base 11) in base 16?
-cbd33
Convert 167cdc (base 14) to base 5.
200240244
What is 13baa4a (base 13) in base 10?
6278581
Convert -143725 (base 9) to base 16.
-15806
Convert 1321213220 (base 4) to base 14.
cd784
-86041c (base 13) to base 14
-5bb29d
-23064357 (base 8) to base 11
-2910313
What is 1120312303 (base 4) in base 2?
1011000110110110011
Convert 756804 (base 10) to base 8.
2706104
-11242314 (base 5) to base 4
-121012302
Convert -33303113203 (base 4) to base 15.
-56c65d
What is 313313221 (base 4) in base 11?
146a28
29159 (base 11) to base 16
a1e6
What is -5503c (base 16) in base 12?
-149624
Convert -150300 (base 16) to base 11.
-860640
4c152 (base 13) to base 14
39484
-2987209 (base 13) to base 7
-220351015
Convert -111011101100001001010 (base 2) to base 5.
-1000042124
-3102112 (base 4) to base 15
-3ec7
What is -10000110101100110110001 (base 2) in base 8?
-20654661
Convert -6528 (base 13) to base 10.
-14061
What is 85347 (base 9) in base 5?
3301134
-102231002320 (base 4) to base 5
-2223344341
115b5 (base 12) to base 7
124664
23020335 (base 6) to base 12
29a6ab
Convert -3266103 (base 9) to base 5.
-422144440
-c90b9 (base 16) to base 2
-11001001000010111001
-174411a (base 11) to base 13
-7c9831
Convert 111120211220100 (base 3) to base 9.
14524810
20110101111002 (base 3) to base 11
1a34971
Convert -241d8 (base 15) to base 12.
-567a2
Convert -14cc6 (base 14) to base 13.
-1a829
What is -126a69 (base 11) in base 3?
-101010210202
781aa (base 11) to base 3
12202112010
What is 121100122201 (base 3) in base 4?
1032212233
Convert 2247211 (base 11) to base 2.
1111000000010010101111
-395a55 (base 14) to base 4
-13202022323
Convert 27333 (base 12) to base 9.
82113
bc7336 (base 14) to base 8
30315744
-2173743 (base 8) to base 16
-8f7e3
Convert -55664653 (base 7) to base 6.
-251212144
Convert -245260 (base 8) to base 5.
-10202111
13790 (base 16) to base 9
131362
What is ba81b5 (base 15) in base 9?
17644318
3303332 (base 4) to base 12
9052
What is -2453223 (base 7) in base 12?
-132823
1143880 (base 9) to base 8
2272171
What is 241446 (base 11) in base 3?
201102201211
Convert -341826 (base 10) to base 12.
-145996
-10642 (base 14) to base 2
-1001101011100010
What is -9c620 (base 14) in base 16?
-5cbe4
-6da0c (base 16) to base 10
-449036
Convert 4400062 (base 8) to base 16.
120032
What is -101410142 (base 5) in base 11?
-267133
What is -16a4642 (base 11) in base 9?
-5384755
58721 (base 11) to base 12
41043
Convert -331142 (base 9) to base 5.
-22311203
Convert -2007020 (base 10) to base 5.
-1003211040
299c3 (base 13) to base 5
10003300
-10112232323 (base 4) to base 15
-17842b
56075 (base 14) to base 15
41c4c
Convert 757626 (base 8) to base 14.
6871c
What is 113422 (base 5) in base 3?
12210221
What is 45324242 (base 6) in base 8?
5207102
Convert 10131455 (base 6) to base 13.
a2ba2
What is -230312 (base 8) in base 15?
-181bb
What is -29345 (base 10) in base 4?
-13022201
11112022 (base 4) to base 5
1200043
Convert -1110010101111111111 (base 2) to base 3.
-212212201222
-c217c (base 13) to base 5
-42104043
Convert 212002200120011 (base 3) to base 11.
6a25197
What is -101001101001101101011 (base 2) in base 13?
-38a2cc
-10001100111101001011 (base 2) to base 13
-172a3c
What is -10010111011100011 (base 2) in base 14?
-20387
Convert adbab7 (base 14) to base 13.
12bc01a
-100010001100101111 (base 2) to base 5
-13440304
-26734300 (base 8) to base 9
-12271568
177120 (base 9) to base 7
636135
Convert 144aa9 (base 13) to base 2.
1111001001000011010
20203310 (base 6) to base 14
10dda2
Convert 18a54 (base 14) to base 6.
1200522
What is -110011101011101110 (base 2) in base 13?
-75482
-322302033 (base 4) to base 6
-5054423
-22211011110 (base 3) to base 13
-61047
Convert -6874 (base 11) to base 7.
-35225
What is -100010001101000111011 (base 2) in base 6?
-40005003
Convert 16175 (base 10) to base 3.
211012002
330111031 (base 4) to base 2
111100010101001101
11212210210000 (base 3) to base 4
21321120231
Convert 1000010101011000110 (base 2) to base 14.
7174a
What is -371a851 (base 11) in base 9?
-13152506
Convert -229a8c (base 16) to base 15.
-2ebe0d
9fe2 (base 16) to base 8
117742
What is -50333550 (base 8) in base 2?
-101000011011011101101000
-203201001 (base 4) to base 11
-9a329
311bb6 (base 12) to base 4
2330021322
188308 (base 9) to base 7
666626
What is -20101220333 (base 4) in base 3?
-11002012212102
-265412 (base 8) to base 11
-6390a
-13203413 (base 6) to base 4
-1222200201
Convert -444331112 (base 5) to base 8.
-7336353
Convert 10005421 (base 6) to base 4.
1010221111
What is -191074 (base 12) in base 9?
-735737
7d533 (base 14) to base 12
128a35
Convert 224656062 (base 7) to base 8.
64377271
1c191 (base 13) to base 9
83656
Convert -1001021222210 (base 3) to base 12.
-22a386
7506601 (base 8) to base 3
10202201122110
What is -445880 (base 9) in base 7?
-2160600
Convert -535401 (base 10) to base 3.
-1000012102200
What is 41b95 (base 13) in base 16?
1ce96
Convert 6ab30 (base 13) to base 16.
2faa2
What is 10620045 (base 9) in base 5?
2304303201
Convert 14121332423 (base 5) to base 7.
310201656
4176247 (base 10) to base 3
21212011201211
What is 165402a (base 11) in base 6?
140211004
Convert 63888 (base 9) to base 10.
42281
507524 (base 8) to base 16
28f54
What is -4731422 (base 9) in base 14?
-4a8c75
What is 600136 (base 7) in base 5?
11212133
-101000110010000111101010 (base 2) to base 6
-1021051334
Convert -114004 (base 14) to base 16.
-8f5d4
Convert -10c1a (base 13) to base 15.
-910c
Convert 1212300031 (base 4) to base 16.
66c0d
What is -11100011000110001 (base 2) in base 12?
-57355
What is 9a2898 (base 11) in base 8?
6064166
What is 30024421 (base 5) in base 12?
b4864
Convert -2abda (base 15) to base 10.
-137680
74765 (base 12) to base 2
100101011000111101
1012629 (base 10) to base 8
3671625
-4202 (base 12) to base 7
-26666
Convert 241014450 (base 6) to base 14.
85c1c2
Convert 145675 (base 8) to base 4.
30232331
541604 (base 7) to base 14
26504
Convert 100211021 (base 3) to base 8.
15772
202130121331 (base 4) to base 2
100010011100011001111101
What is 3167730 (base 8) in base 15?
11b322
-5aa621 (base 11) to base 7
-11131344
Convert 120201201021222 (base 3) to base 5.
4120002113
What is 11000001110100101101000 (base 2) in base 5?
3111214313
10111100001 (base 3) to base 7
404332
44234122 (base 5) to base 9
644251
-75690 (base 11) to base 7
-635414
